digit of 10119?
0
What is the hundreds digit of 25943?
9
What is the units digit of 3579?
9
What is the tens digit of 4410?
1
What is the tens digit of 12799?
9
What is the units digit of 7938?
8
What is the thousands digit of 48426?
8
What is the units digit of 10557?
7
What is the tens digit of 46?
4
What is the thousands digit of 5505?
5
What is the hundreds digit of 982?
9
What is the hundreds digit of 1218?
2
What is the ten thousands digit of 30702?
3
What is the units digit of 9492?
2
What is the thousands digit of 1669?
1
What is the units digit of 966?
6
What is the units digit of 4994?
4
What is the units digit of 17181?
1
What is the ten thousands digit of 27134?
2
What is the units digit of 541?
1
What is the hundreds digit of 500?
5
What is the tens digit of 44929?
2
What is the tens digit of 1543?
4
What is the hundreds digit of 20956?
9
What is the tens digit of 321?
2
What is the hundreds digit of 3084?
0
What is the tens digit of 4798?
9
What is the hundreds digit of 789?
7
What is the units digit of 111810?
0
What is the tens digit of 69022?
2
What is the tens digit of 787?
8
What is the tens digit of 12989?
8
What is the ten thousands digit of 17517?
1
What is the tens digit of 16530?
3
What is the hundreds digit of 5560?
5
What is the ten thousands digit of 31654?
3
What is the thousands digit of 6480?
6
What is the units digit of 690?
0
What is the thousands digit of 49065?
9
What is the thousands digit of 9160?
9
What is the tens digit of 557?
5
What is the units digit of 802?
2
What is the ten thousands digit of 60496?
6
What is the units digit of 7?
7
What is the thousands digit of 19661?
9
What is the thousands digit of 56670?
6
What is the tens digit of 579?
7
What is the thousands digit of 1772?
1
What is the units digit of 2374?
4
What is the thousands digit of 32087?
2
What is the units digit of 611?
1
What is the units digit of 32023?
3
What is the hundreds digit of 742?
7
What is the units digit of 692?
2
What is the hundreds digit of 37505?
5
What is the hundreds digit of 2221?
2
What is the units digit of 74?
4
What is the tens digit of 84237?
3
What is the units digit of 2170?
0
What is the units digit of 1661?
1
What is the thousands digit of 1738?
1
What is the tens digit of 1850?
5
What is the thousands digit of 9916?
9
What is the hundreds digit of 12362?
3
What is the ten thousands digit of 95772?
9
What is the thousands digit of 7693?
7
What is the thousands digit of 10927?
0
What is the ten thousands digit of 10453?
1
What is the hundreds digit of 1502?
5
What is the hundreds digit of 2494?
4
What is the hundreds digit of 8651?
6
What is the units digit of 669?
9
What is the hundreds digit of 7337?
3
What is the thousands digit of 71499?
1
What is the units digit of 42?
2
What is the hundreds digit of 27132?
1
What is the tens digit of 38569?
6
What is the tens digit of 988?
8
What is the tens digit of 2650?
5
What is the units digit of 200?
0
What is the units digit of 33421?
1
What is the tens digit of 838?
3
What is the units digit of 14808?
8
What is the thousands digit of 2629?
2
What is the thousands digit of 2807?
2
What is the thousands digit of 68641?
8
What is the tens digit of 35268?
6
What is the hundreds digit of 8339?
3
What is the tens digit of 3506?
0
What is the hundreds digit of 23296?
2
What is the thousands digit of 2453?
2
What is the tens digit of 138?
3
What is the thousands digit of 5143?
5
What is the units digit of 162?
2
What is the ten thousands digit of 78727?
7
What is the hundreds digit of 69996?
9
What is the tens digit of 58794?
9
What is the tens digit of 2989?
8
What is the hundreds digit of 50778?
7
What is the thousands digit of 16968?
6
What is the hundreds digit of 148978?
9
What is the thousands digit of 16657?
6
What is the thousands digit of 1201?
1
What is the tens digit of 1216?
1
What is the units digit of 6258?
8
What is the thousands digit of 10383?
0
What is the thousands digit of 1188?
1
What is the hundreds digit of 101188?
1
What is the tens digit of 14272?
7
What is the thousands digit of 38230?
8
What is the hundreds digit of 212?
2
What is the hundreds digit of 9634?
6
What is the thousands digit of 4678?
4
What is the hundreds digit of 766?
7
What is the units digit of 8832?
2
What is the units digit of 46909?
9
What is the tens digit of 10089?
8
What is the units digit of 76237?
7
What is the tens digit of 4685?
8
What is the thousands digit of 4028?
4
What is the thousands digit of 8568?
8
What is the tens digit of 2269?
6
What is the units digit of 463?
3
What is the ten thousands digit of 14208?
1
What is the thousands digit of 8156?
8
What is the tens digit of 76272?
7
What is the units digit of 40537?
7
What is the units digit of 17867?
7
What is the units digit of 1869?
9
What is the units digit of 47?
7
What is the units digit of 3142?
2
What is the tens digit of 1049?
4
What is the thousands digit of 5543?
5
What is the hundreds digit of 14876?
8
What is the tens digit of 23022?
2
What is the tens digit of 6157?
5
What is the thousands digit of 52135?
2
What is the tens digit of 6107?
0
What is the units digit of 599?
9
What is the units digit of 5364?
4
What is the tens digit of 691?
9
What is the hundreds digit of 11893?
8
What is the units digit of 60981?
1
What is the tens digit of 12234?
3
What is the units digit of 293?
3
What is the hundreds digit of 29582?
5
What is the tens digit of 13689?
8
What is the thousands digit of 1191?
1
What is the thousands digit of 8601?
8
What is the hundreds digit of 1689?
6
What is the tens digit of 84391?
9
What is the ten thousands digit of 21401?
2
What is the hundreds digit of 113800?
8
What is the tens digit of 2163?
6
What is the units digit of 941?
1
What is the thousands digit of 12454?
2
What is the tens digit of 476?
7
What is the thousands digit of 27865?
7
What is the hundreds digit of 1518?
5
What is the thousands digit of 37893?
7
What is the thousands digit of 84014?
4
What is the tens digit of 7417?
1
What is the tens digit of 11261?
6
What is the ten thousands digit of 15463?
1
What is the units digit of 265?
5
What is the tens digit of 805?
0
What is the hundreds digit of 7942?
9
What is the tens digit of 78895?
9
What is the thousands digit of 2075?
2
What is the thousands digit of 4201?
4
What is the units digit of 79?
9
What is the hundreds digit of 6463?
4
What is the thousands digit of 20333?
0
What is the hundreds digit of 1719?
7
What is the hundreds digit of 2360?
3
What is the units digit of 2134?
4
What is the ten thousands digit of 16176?
1
What is the units digit of 466?
6
What is the units digit of 2502?
2
What is the tens digit of 3286?
8
What is the thousands digit of 20066?
0
What is the hundreds digit of 1433?
4
What is the ten thousands digit of 31310?
3
What is the tens digit of 1346?
4
What is the units digit of 21897?
7
What is the ten thousands digit of 23717?
2
What is the hundreds digit of 142565?
5
What is the tens digit of 1210?
1
What is the thousands digit of 20480?
0
What is the tens digit of 24307?
0
What is the ten thousands digit of 24943?
2
What is the units digit of 1212?
2
What is the units digit of 32698?
8
What is the units digit of 643?
3
What is the tens digit of 324?
2
What is the tens digit of 24?
2
What is the hundreds digit of 21907?
9
What is the hundreds digit of 875?
8
What is the ten thousands digit of 31829?
3
What is the hundreds digit of 2948?
9
What is the units digit of 785?
5
What is the tens digit of 5113?
1
What is the units digit of 7988?
8
What is the units digit of 35489?
9
What is the hundred thousands digit of 172625?
1
What is the units digit of 272?
2
What is the thousands digit of 1966?
1
What is the hundreds digit of 25276?
2
What is the tens digit of 75?
7
What is the tens digit of 92657?
5
What is the hundreds digit of 5909?
9
What is the tens digit of 709?
0
What is the units digit of 8410?
0
What is the tens digit of 87544?
4
What is the units digit of 8650?
0
What is the hundreds digit of 139?
1
What is the hundreds digit of 23839?
8
What is the thousands digit of 4147?
4
What is the units digit of 9343?
3
What is the units digit of 59572?
2
What is the units digit of 13015?
5
What is the tens digit of 2025?
2